{"id":689,"date":"2020-03-27T23:34:00","date_gmt":"2020-03-27T22:34:00","guid":{"rendered":"https:\/\/isf.edu.ar\/colegio2020\/?page_id=689"},"modified":"2020-03-27T23:34:01","modified_gmt":"2020-03-27T22:34:01","slug":"tutoriales-de-excel-2013","status":"publish","type":"page","link":"https:\/\/isf.edu.ar\/colegio2020\/tutoriales-de-excel-2013\/","title":{"rendered":"Tutoriales de Excel 2013"},"content":{"rendered":"\n<h2 class=\"wp-block-heading\">Cap\u00edtulo 1: Tutorial de iniciaci\u00f3n a Excel.<\/h2>\n\n\n\n<figure class=\"wp-block-embed-youtube wp-block-embed is-type-video is-provider-youtube wp-embed-aspect-16-9 wp-has-aspect-ratio\"><div class=\"wp-block-embed__wrapper\">\n<div class=\"jetpack-video-wrapper\"><iframe loading=\"lazy\" title=\"Excel - 1\/3 Iniciaci\u00f3n, b\u00e1sico, principiantes. Tutorial en espa\u00f1ol HD\" width=\"640\" height=\"360\" src=\"https:\/\/www.youtube.com\/embed\/T9EXplaptnY?feature=oembed\" frameborder=\"0\" allow=\"accelerometer; autoplay; clipboard-write; encrypted-media; gyroscope; picture-in-picture; web-share\" referrerpolicy=\"strict-origin-when-cross-origin\" allowfullscreen><\/iframe><\/div>\n<\/div><\/figure>\n\n\n\n<h2 class=\"wp-block-heading\">Cap\u00edtulo 2: Tutorial de iniciaci\u00f3n a Excel.<\/h2>\n\n\n\n<figure class=\"wp-block-embed-youtube wp-block-embed is-type-video is-provider-youtube wp-embed-aspect-16-9 wp-has-aspect-ratio\"><div class=\"wp-block-embed__wrapper\">\n<div class=\"jetpack-video-wrapper\"><iframe loading=\"lazy\" title=\"Excel - 2\/3 Iniciaci\u00f3n, b\u00e1sico, principiantes. Tutorial en espa\u00f1ol HD\" width=\"640\" height=\"360\" src=\"https:\/\/www.youtube.com\/embed\/T6vBk3d53vo?feature=oembed\" frameborder=\"0\" allow=\"accelerometer; autoplay; clipboard-write; encrypted-media; gyroscope; picture-in-picture; web-share\" referrerpolicy=\"strict-origin-when-cross-origin\" allowfullscreen><\/iframe><\/div>\n<\/div><\/figure>\n\n\n\n<h2 class=\"wp-block-heading\">Cap\u00edtulo 3: Tutorial de iniciaci\u00f3n a Excel.<\/h2>\n\n\n\n<figure class=\"wp-block-embed-youtube wp-block-embed is-type-video is-provider-youtube wp-embed-aspect-16-9 wp-has-aspect-ratio\"><div class=\"wp-block-embed__wrapper\">\n<div class=\"jetpack-video-wrapper\"><iframe loading=\"lazy\" title=\"Excel - 3\/3 Iniciaci\u00f3n, b\u00e1sico, principiantes. Tutorial en espa\u00f1ol HD\" width=\"640\" height=\"360\" src=\"https:\/\/www.youtube.com\/embed\/CtPM_Ls2GKc?feature=oembed\" frameborder=\"0\" allow=\"accelerometer; autoplay; clipboard-write; encrypted-media; gyroscope; picture-in-picture; web-share\" referrerpolicy=\"strict-origin-when-cross-origin\" allowfullscreen><\/iframe><\/div>\n<\/div><\/figure>\n","protected":false},"excerpt":{"rendered":"<p>Cap\u00edtulo 1: Tutorial de iniciaci\u00f3n a Excel. Cap\u00edtulo 2: Tutorial de iniciaci\u00f3n a Excel. Cap\u00edtulo 3: Tutorial de iniciaci\u00f3n a Excel.<\/p>\n","protected":false},"author":1,"featured_media":0,"parent":0,"menu_order":0,"comment_status":"closed","ping_status":"closed","template":"","meta":{"cybocfi_hide_featured_image":"","footnotes":""},"class_list":["post-689","page","type-page","status-publish","hentry"],"jetpack_sharing_enabled":true,"_links":{"self":[{"href":"https:\/\/isf.edu.ar\/colegio2020\/wp-json\/wp\/v2\/pages\/689","targetHints":{"allow":["GET"]}}],"collection":[{"href":"https:\/\/isf.edu.ar\/colegio2020\/wp-json\/wp\/v2\/pages"}],"about":[{"href":"https:\/\/isf.edu.ar\/colegio2020\/wp-json\/wp\/v2\/types\/page"}],"author":[{"embeddable":true,"href":"https:\/\/isf.edu.ar\/colegio2020\/wp-json\/wp\/v2\/users\/1"}],"replies":[{"embeddable":true,"href":"https:\/\/isf.edu.ar\/colegio2020\/wp-json\/wp\/v2\/comments?post=689"}],"version-history":[{"count":1,"href":"https:\/\/isf.edu.ar\/colegio2020\/wp-json\/wp\/v2\/pages\/689\/revisions"}],"predecessor-version":[{"id":690,"href":"https:\/\/isf.edu.ar\/colegio2020\/wp-json\/wp\/v2\/pages\/689\/revisions\/690"}],"wp:attachment":[{"href":"https:\/\/isf.edu.ar\/colegio2020\/wp-json\/wp\/v2\/media?parent=689"}],"curies":[{"name":"wp","href":"https:\/\/api.w.org\/{rel}","templated":true}]}}