{"id":574,"date":"2019-11-19T22:12:13","date_gmt":"2019-11-19T21:12:13","guid":{"rendered":"https:\/\/isf.edu.ar\/colegio2020\/?page_id=574"},"modified":"2019-11-19T22:12:15","modified_gmt":"2019-11-19T21:12:15","slug":"sagradas-noticias","status":"publish","type":"page","link":"https:\/\/isf.edu.ar\/colegio2020\/sagradas-noticias\/","title":{"rendered":"Sagradas Noticias"},"content":{"rendered":"\n<p>Es una radio elaborada por los estudiantes y maestro de la escuela primaria del Instituto Sagrada Familia de Cosqu\u00edn para difundir actividades, noticias, publicidades de inter\u00e9s general y para el pueblo coscoino y sus alrededor.<\/p>\n\n\n\n<p style=\"text-align:center\"><a href=\"http:\/\/sagradanoticias.radiostream321.com\/\">(Desde aqu\u00ed pod\u00e9s escucharnos en directo)<\/a><\/p>\n\n\n\n<p>Transmisi\u00f3n de 1A \u2013 Viernes 15\/11\/2019<\/p>\n\n\n\n<figure class=\"wp-block-audio\"><audio controls src=\"https:\/\/isf.edu.ar\/colegio2020\/wp-content\/uploads\/2019\/11\/radio-1\u00ba-grado-15-11-19.mp3\"><\/audio><\/figure>\n\n\n\n<p>Transmisi\u00f3n de 2A \u2013 Martes 05\/11\/2019<\/p>\n\n\n\n<figure class=\"wp-block-audio\"><audio controls src=\"https:\/\/isf.edu.ar\/colegio2020\/wp-content\/uploads\/2019\/11\/Radio-Escolar-martes-5-de-noviembre-Segundo-Grado-A.mp3\"><\/audio><\/figure>\n\n\n\n<p>Transmisi\u00f3n de 2B \u2013 Jueves 24\/10\/2019<\/p>\n\n\n\n<figure class=\"wp-block-audio\"><audio controls src=\"https:\/\/isf.edu.ar\/colegio2020\/wp-content\/uploads\/2019\/10\/radio-2B-24-10-19.mp3\"><\/audio><\/figure>\n\n\n\n<p>Transmisi\u00f3n de 2A -Viernes 18\/10\/2019<\/p>\n\n\n\n<figure class=\"wp-block-audio\"><audio controls src=\"https:\/\/isf.edu.ar\/colegio2020\/wp-content\/uploads\/2019\/09\/radio-2A-18-10-2019.mp3\"><\/audio><\/figure>\n\n\n\n<p>Transmisi\u00f3n de 4A \u2013 Jueves 26\/09\/2019<\/p>\n\n\n\n<figure class=\"wp-block-audio\"><audio controls src=\"https:\/\/isf.edu.ar\/colegio2020\/wp-content\/uploads\/2019\/10\/radio-4A-26-9-2019.mp3\"><\/audio><\/figure>\n\n\n\n<p>Transmisi\u00f3n de 4A \u2013 Jueves 5\/09\/2019<\/p>\n\n\n\n<figure class=\"wp-block-audio\"><audio controls src=\"https:\/\/isf.edu.ar\/colegio2020\/wp-content\/uploads\/2019\/10\/radio-4A-5-9-2019.mp3\"><\/audio><\/figure>\n","protected":false},"excerpt":{"rendered":"<p>Es una radio elaborada por los estudiantes y maestro de la escuela primaria del Instituto Sagrada Familia de Cosqu\u00edn para difundir actividades, noticias, publicidades de inter\u00e9s general y para el pueblo coscoino y sus alrededor. (Desde aqu\u00ed pod\u00e9s escucharnos en directo) Transmisi\u00f3n de 1A \u2013 Viernes 15\/11\/2019 Transmisi\u00f3n de 2A \u2013 Martes 05\/11\/2019 Transmisi\u00f3n de&hellip;<\/p>\n","protected":false},"author":1,"featured_media":0,"parent":0,"menu_order":0,"comment_status":"closed","ping_status":"closed","template":"","meta":{"cybocfi_hide_featured_image":"","footnotes":""},"class_list":["post-574","page","type-page","status-publish","hentry"],"jetpack_sharing_enabled":true,"_links":{"self":[{"href":"https:\/\/isf.edu.ar\/colegio2020\/wp-json\/wp\/v2\/pages\/574","targetHints":{"allow":["GET"]}}],"collection":[{"href":"https:\/\/isf.edu.ar\/colegio2020\/wp-json\/wp\/v2\/pages"}],"about":[{"href":"https:\/\/isf.edu.ar\/colegio2020\/wp-json\/wp\/v2\/types\/page"}],"author":[{"embeddable":true,"href":"https:\/\/isf.edu.ar\/colegio2020\/wp-json\/wp\/v2\/users\/1"}],"replies":[{"embeddable":true,"href":"https:\/\/isf.edu.ar\/colegio2020\/wp-json\/wp\/v2\/comments?post=574"}],"version-history":[{"count":2,"href":"https:\/\/isf.edu.ar\/colegio2020\/wp-json\/wp\/v2\/pages\/574\/revisions"}],"predecessor-version":[{"id":1080,"href":"https:\/\/isf.edu.ar\/colegio2020\/wp-json\/wp\/v2\/pages\/574\/revisions\/1080"}],"wp:attachment":[{"href":"https:\/\/isf.edu.ar\/colegio2020\/wp-json\/wp\/v2\/media?parent=574"}],"curies":[{"name":"wp","href":"https:\/\/api.w.org\/{rel}","templated":true}]}}

<p>Es una radio elaborada por los estudiantes y maestro de la escuela primaria del Instituto Sagrada Familia de Cosquín para difundir actividades, noticias, publicidades de interés general y para el pueblo coscoino y sus alrededor.</p>



<p style="text-align:center"><a href="http://sagradanoticias.radiostream321.com/">(Desde aquí podés escucharnos en directo)</a></p>



<p>Transmisión de 1A – Viernes 15/11/2019</p>



<figure class="wp-block-audio"><audio controls src="https://isf.edu.ar/colegio2020/wp-content/uploads/2019/11/radio-1º-grado-15-11-19.mp3"></audio></figure>



<p>Transmisión de 2A – Martes 05/11/2019</p>



<figure class="wp-block-audio"><audio controls src="https://isf.edu.ar/colegio2020/wp-content/uploads/2019/11/Radio-Escolar-martes-5-de-noviembre-Segundo-Grado-A.mp3"></audio></figure>



<p>Transmisión de 2B – Jueves 24/10/2019</p>



<figure class="wp-block-audio"><audio controls src="https://isf.edu.ar/colegio2020/wp-content/uploads/2019/10/radio-2B-24-10-19.mp3"></audio></figure>



<p>Transmisión de 2A -Viernes 18/10/2019</p>



<figure class="wp-block-audio"><audio controls src="https://isf.edu.ar/colegio2020/wp-content/uploads/2019/09/radio-2A-18-10-2019.mp3"></audio></figure>



<p>Transmisión de 4A – Jueves 26/09/2019</p>



<figure class="wp-block-audio"><audio controls src="https://isf.edu.ar/colegio2020/wp-content/uploads/2019/10/radio-4A-26-9-2019.mp3"></audio></figure>



<p>Transmisión de 4A – Jueves 5/09/2019</p>



<figure class="wp-block-audio"><audio controls src="https://isf.edu.ar/colegio2020/wp-content/uploads/2019/10/radio-4A-5-9-2019.mp3"></audio></figure>

<p>Es una radio elaborada por los estudiantes y maestro de la escuela primaria del Instituto Sagrada Familia de Cosquín para difundir actividades, noticias, publicidades de interés general y para el pueblo coscoino y sus alrededor. (Desde aquí podés escucharnos en directo) Transmisión de 1A – Viernes 15/11/2019 Transmisión de 2A – Martes 05/11/2019 Transmisión de&hellip;</p>
