{"id":364,"date":"2019-06-26T23:03:42","date_gmt":"2019-06-26T21:03:42","guid":{"rendered":"https:\/\/isf.edu.ar\/colegio2020\/?page_id=364"},"modified":"2024-08-15T04:01:15","modified_gmt":"2024-08-15T02:01:15","slug":"recursos-educativos","status":"publish","type":"page","link":"https:\/\/isf.edu.ar\/colegio2020\/recursos-educativos\/","title":{"rendered":"Recursos Educativos"},"content":{"rendered":"\n<ul class=\"wp-block-list\">\n<li class=\"has-medium-font-size\"> <a href=\"https:\/\/isf.edu.ar\/colegio2018\/index.php?option=com_weblinks&amp;task=weblink.go&amp;id=1&amp;Itemid=228\">Educa Nave<\/a>: Educa Nave contiene recursos educativos digitales para nivel inicial, primario y secundario.<\/li>\n\n\n\n<li class=\"has-medium-font-size\"> <a href=\"https:\/\/isf.edu.ar\/colegio2018\/index.php?option=com_weblinks&amp;task=weblink.go&amp;id=2&amp;Itemid=228\">Educ.ar<\/a>: Educ.ar\u00a0es el portal educativo del Ministerio de Educaci\u00f3n y Deportes de la Naci\u00f3n. Es un sitio que aporta contenidos relacionados con las diversas \u00e1reas del conocimiento, con el prop\u00f3sito de promover la ense\u00f1anza y el aprendizaje de calidad. Los objetivos de\u00a0educ.ar\u00a0se enmarcan en la propuesta del\u00a0<a href=\"http:\/\/planied.educ.ar\/\">Plan Nacional Integral de Educaci\u00f3n Digital (PLANIED)<\/a>, orientado a favorecer la innovaci\u00f3n pedag\u00f3gica, la calidad educativa y la inclusi\u00f3n socioeducativa.<\/li>\n\n\n\n<li class=\"has-medium-font-size\"> <a href=\"https:\/\/isf.edu.ar\/colegio2018\/index.php?option=com_weblinks&amp;task=weblink.go&amp;id=3&amp;Itemid=228\">Humano Digital<\/a>Recopilaci\u00f3n de sitios con contenidos digitales educativos para explorar en el aula.<\/li>\n\n\n\n<li class=\"has-medium-font-size\"> <a href=\"https:\/\/isf.edu.ar\/colegio2018\/index.php?option=com_weblinks&amp;task=weblink.go&amp;id=4&amp;Itemid=228\">Recursos virtuales para alumnos y docentes<\/a><\/li>\n\n\n\n<li class=\"has-medium-font-size\"> <a href=\"https:\/\/isf.edu.ar\/colegio2018\/index.php?option=com_weblinks&amp;task=weblink.go&amp;id=5&amp;Itemid=228\">Conectar Igualdad<\/a>El Programa Conectar Igualdad fue creado en abril de 2010 a trav\u00e9s del Decreto N\u00ba 459\/10, para recuperar y valorizar la escuela p\u00fablica y reducir las brechas digitales, educativas y sociales en el pa\u00eds.\u00a0<\/li>\n\n\n\n<li class=\"has-medium-font-size\"> <a href=\"https:\/\/isf.edu.ar\/colegio2018\/index.php?option=com_weblinks&amp;task=weblink.go&amp;id=6&amp;Itemid=228\">Tiching: Red Educativa Escolar<\/a>Tiching es la\u00a0red educativa escolar\u00a0para encontrar y compartir\u00a0los recursos necesarios para aprender y ense\u00f1ar mejor.<\/li>\n\n\n\n<li class=\"has-medium-font-size\"> <a href=\"https:\/\/isf.edu.ar\/colegio2018\/index.php?option=com_weblinks&amp;task=weblink.go&amp;id=7&amp;Itemid=228\">EducaCiencias<\/a><\/li>\n\n\n\n<li class=\"has-medium-font-size\"> <a href=\"https:\/\/isf.edu.ar\/colegio2018\/index.php?option=com_weblinks&amp;task=weblink.go&amp;id=8&amp;Itemid=228\">Contenidos Digitales Abiertos (CDA)<\/a><\/li>\n\n\n\n<li class=\"has-medium-font-size\"> <a href=\"https:\/\/isf.edu.ar\/colegio2018\/index.php?option=com_weblinks&amp;task=weblink.go&amp;id=9&amp;Itemid=228\">Contenidos P\u00fablicos Digitales<\/a><\/li>\n\n\n\n<li class=\"has-medium-font-size\"> <a href=\"https:\/\/isf.edu.ar\/colegio2018\/index.php?option=com_weblinks&amp;task=weblink.go&amp;id=10&amp;Itemid=228\">Conicet Digital<\/a>: CONICET Digital es el Repositorio Institucional de acceso abierto del Consejo Nacional de Investigaciones Cient\u00edficas y T\u00e9cnicas (CONICET). Es una plataforma digital que pone a disposici\u00f3n de la sociedad, la producci\u00f3n cient\u00edfico-tecnol\u00f3gica del pa\u00eds.<\/li>\n\n\n\n<li class=\"has-medium-font-size\"> <a href=\"https:\/\/isf.edu.ar\/colegio2018\/index.php?option=com_weblinks&amp;task=weblink.go&amp;id=11&amp;Itemid=228\">Conectate<\/a>: Aqu\u00ed se pueden encontrar materiales audiovisuales disponibles para ver en l\u00ednea y descargar. \u00a0Son producciones propias de Encuentro, Pakapaka, Deportv, educ.ar y Conectar Igualdad.\u00a0<\/li>\n\n\n\n<li class=\"has-medium-font-size\"> <a href=\"https:\/\/isf.edu.ar\/colegio2018\/index.php?option=com_weblinks&amp;task=weblink.go&amp;id=12&amp;Itemid=228\">Repositorio Institucional (Ministerio de Educaci\u00f3n y Deporte)<\/a><\/li>\n\n\n\n<li class=\"has-medium-font-size\"> <a href=\"https:\/\/isf.edu.ar\/colegio2018\/index.php?option=com_weblinks&amp;task=weblink.go&amp;id=13&amp;Itemid=228\">Bases de Revistas de Acceso Abierto<\/a>: En todas las \u00e1reas del conocimiento.<\/li>\n\n\n\n<li class=\"has-medium-font-size\"> <a href=\"https:\/\/isf.edu.ar\/colegio2018\/index.php?option=com_weblinks&amp;task=weblink.go&amp;id=14&amp;Itemid=228\">Repositorio Digital de la UNC<\/a>: El Repositorio Digital de la Universidad Nacional de C\u00f3rdoba (RDU), es un espacio donde se almacena, organiza, preserva, provee acceso libre y procura dar visibilidad a nivel nacional e internacional, a la producci\u00f3n cient\u00edfica, acad\u00e9mica y cultural en formato digital, generada por los integrantes de la comunidad universitaria.<\/li>\n\n\n\n<li class=\"has-medium-font-size\"> <a href=\"https:\/\/isf.edu.ar\/colegio2018\/index.php?option=com_weblinks&amp;task=weblink.go&amp;id=15&amp;Itemid=228\">Revistas de la Universidad Nacional de C\u00f3rdoba<\/a>: El sitio\u00a0<strong>Revistas de la Universidad Nacional de C\u00f3rdoba<\/strong>\u00a0es un espacio destinado a la comunidad universitaria, con el fin que a trav\u00e9s de \u00e9ste, se produzcan y publiquen \u00a0revistas electr\u00f3nicas que difundan de contenidos cient\u00edficos, acad\u00e9micos y culturales. \u00a0Consideramos que el conocimiento es un recurso p\u00fablico y por ello la Universidad ofrece acceso libre a su producci\u00f3n cient\u00edfica, acad\u00e9mica y cultural.<\/li>\n<\/ul>\n","protected":false},"excerpt":{"rendered":"","protected":false},"author":1,"featured_media":0,"parent":0,"menu_order":0,"comment_status":"closed","ping_status":"closed","template":"","meta":{"cybocfi_hide_featured_image":"","footnotes":""},"class_list":["post-364","page","type-page","status-publish","hentry"],"jetpack_sharing_enabled":true,"_links":{"self":[{"href":"https:\/\/isf.edu.ar\/colegio2020\/wp-json\/wp\/v2\/pages\/364","targetHints":{"allow":["GET"]}}],"collection":[{"href":"https:\/\/isf.edu.ar\/colegio2020\/wp-json\/wp\/v2\/pages"}],"about":[{"href":"https:\/\/isf.edu.ar\/colegio2020\/wp-json\/wp\/v2\/types\/page"}],"author":[{"embeddable":true,"href":"https:\/\/isf.edu.ar\/colegio2020\/wp-json\/wp\/v2\/users\/1"}],"replies":[{"embeddable":true,"href":"https:\/\/isf.edu.ar\/colegio2020\/wp-json\/wp\/v2\/comments?post=364"}],"version-history":[{"count":2,"href":"https:\/\/isf.edu.ar\/colegio2020\/wp-json\/wp\/v2\/pages\/364\/revisions"}],"predecessor-version":[{"id":2181,"href":"https:\/\/isf.edu.ar\/colegio2020\/wp-json\/wp\/v2\/pages\/364\/revisions\/2181"}],"wp:attachment":[{"href":"https:\/\/isf.edu.ar\/colegio2020\/wp-json\/wp\/v2\/media?parent=364"}],"curies":[{"name":"wp","href":"https:\/\/api.w.org\/{rel}","templated":true}]}}

<ul class="wp-block-list">
<li class="has-medium-font-size"> <a href="https://isf.edu.ar/colegio2018/index.php?option=com_weblinks&amp;task=weblink.go&amp;id=1&amp;Itemid=228">Educa Nave</a>: Educa Nave contiene recursos educativos digitales para nivel inicial, primario y secundario.</li>



<li class="has-medium-font-size"> <a href="https://isf.edu.ar/colegio2018/index.php?option=com_weblinks&amp;task=weblink.go&amp;id=2&amp;Itemid=228">Educ.ar</a>: Educ.ar es el portal educativo del Ministerio de Educación y Deportes de la Nación. Es un sitio que aporta contenidos relacionados con las diversas áreas del conocimiento, con el propósito de promover la enseñanza y el aprendizaje de calidad. Los objetivos de educ.ar se enmarcan en la propuesta del <a href="http://planied.educ.ar/">Plan Nacional Integral de Educación Digital (PLANIED)</a>, orientado a favorecer la innovación pedagógica, la calidad educativa y la inclusión socioeducativa.</li>



<li class="has-medium-font-size"> <a href="https://isf.edu.ar/colegio2018/index.php?option=com_weblinks&amp;task=weblink.go&amp;id=3&amp;Itemid=228">Humano Digital</a>Recopilación de sitios con contenidos digitales educativos para explorar en el aula.</li>



<li class="has-medium-font-size"> <a href="https://isf.edu.ar/colegio2018/index.php?option=com_weblinks&amp;task=weblink.go&amp;id=4&amp;Itemid=228">Recursos virtuales para alumnos y docentes</a></li>



<li class="has-medium-font-size"> <a href="https://isf.edu.ar/colegio2018/index.php?option=com_weblinks&amp;task=weblink.go&amp;id=5&amp;Itemid=228">Conectar Igualdad</a>El Programa Conectar Igualdad fue creado en abril de 2010 a través del Decreto Nº 459/10, para recuperar y valorizar la escuela pública y reducir las brechas digitales, educativas y sociales en el país. </li>



<li class="has-medium-font-size"> <a href="https://isf.edu.ar/colegio2018/index.php?option=com_weblinks&amp;task=weblink.go&amp;id=6&amp;Itemid=228">Tiching: Red Educativa Escolar</a>Tiching es la red educativa escolar para encontrar y compartir los recursos necesarios para aprender y enseñar mejor.</li>



<li class="has-medium-font-size"> <a href="https://isf.edu.ar/colegio2018/index.php?option=com_weblinks&amp;task=weblink.go&amp;id=7&amp;Itemid=228">EducaCiencias</a></li>



<li class="has-medium-font-size"> <a href="https://isf.edu.ar/colegio2018/index.php?option=com_weblinks&amp;task=weblink.go&amp;id=8&amp;Itemid=228">Contenidos Digitales Abiertos (CDA)</a></li>



<li class="has-medium-font-size"> <a href="https://isf.edu.ar/colegio2018/index.php?option=com_weblinks&amp;task=weblink.go&amp;id=9&amp;Itemid=228">Contenidos Públicos Digitales</a></li>



<li class="has-medium-font-size"> <a href="https://isf.edu.ar/colegio2018/index.php?option=com_weblinks&amp;task=weblink.go&amp;id=10&amp;Itemid=228">Conicet Digital</a>: CONICET Digital es el Repositorio Institucional de acceso abierto del Consejo Nacional de Investigaciones Científicas y Técnicas (CONICET). Es una plataforma digital que pone a disposición de la sociedad, la producción científico-tecnológica del país.</li>



<li class="has-medium-font-size"> <a href="https://isf.edu.ar/colegio2018/index.php?option=com_weblinks&amp;task=weblink.go&amp;id=11&amp;Itemid=228">Conectate</a>: Aquí se pueden encontrar materiales audiovisuales disponibles para ver en línea y descargar.  Son producciones propias de Encuentro, Pakapaka, Deportv, educ.ar y Conectar Igualdad. </li>



<li class="has-medium-font-size"> <a href="https://isf.edu.ar/colegio2018/index.php?option=com_weblinks&amp;task=weblink.go&amp;id=12&amp;Itemid=228">Repositorio Institucional (Ministerio de Educación y Deporte)</a></li>



<li class="has-medium-font-size"> <a href="https://isf.edu.ar/colegio2018/index.php?option=com_weblinks&amp;task=weblink.go&amp;id=13&amp;Itemid=228">Bases de Revistas de Acceso Abierto</a>: En todas las áreas del conocimiento.</li>



<li class="has-medium-font-size"> <a href="https://isf.edu.ar/colegio2018/index.php?option=com_weblinks&amp;task=weblink.go&amp;id=14&amp;Itemid=228">Repositorio Digital de la UNC</a>: El Repositorio Digital de la Universidad Nacional de Córdoba (RDU), es un espacio donde se almacena, organiza, preserva, provee acceso libre y procura dar visibilidad a nivel nacional e internacional, a la producción científica, académica y cultural en formato digital, generada por los integrantes de la comunidad universitaria.</li>



<li class="has-medium-font-size"> <a href="https://isf.edu.ar/colegio2018/index.php?option=com_weblinks&amp;task=weblink.go&amp;id=15&amp;Itemid=228">Revistas de la Universidad Nacional de Córdoba</a>: El sitio <strong>Revistas de la Universidad Nacional de Córdoba</strong> es un espacio destinado a la comunidad universitaria, con el fin que a través de éste, se produzcan y publiquen  revistas electrónicas que difundan de contenidos científicos, académicos y culturales.  Consideramos que el conocimiento es un recurso público y por ello la Universidad ofrece acceso libre a su producción científica, académica y cultural.</li>
</ul>
