{"id":338,"date":"2019-06-24T22:50:46","date_gmt":"2019-06-24T20:50:46","guid":{"rendered":"https:\/\/isf.edu.ar\/colegio2020\/?page_id=338"},"modified":"2019-06-24T22:55:18","modified_gmt":"2019-06-24T20:55:18","slug":"politica-de-privacidad","status":"publish","type":"page","link":"https:\/\/isf.edu.ar\/colegio2020\/politica-de-privacidad\/","title":{"rendered":"Pol\u00edtica de privacidad"},"content":{"rendered":"\n<p>Toda comunicaci\u00f3n con el Instituto Sagrada Familia por cualquier medio o a trav\u00e9s de su direcci\u00f3n de correo electr\u00f3nico, o de los formularios presentes en este sitio o a su \u00abe-mail\u00bb, supone el consentimiento expreso para que sus datos personales sean incorporados a ficheros titularidad del Instituto Sagrada Familia, cuya direcci\u00f3n es Palem\u00f3n Carranza 549, Cosquin.<\/p>\n\n\n\n<p>Estos datos de car\u00e1cter personal ser\u00e1n tratados conforme a lo dispuesto en la Ley N\u00ba 25.326, de Protecci\u00f3n de Datos de Car\u00e1cter Personales y Normas Reglamentarias y Complementarias, revisados al 9 de enero de 2008.<\/p>\n\n\n\n<p>Por tanto, el interesado podr\u00e1 ejercer derecho de acceso, rectificaci\u00f3n, cancelaci\u00f3n y oposici\u00f3n con respecto a los datos personales que consten en los expresados ficheros, pudiendo revocar su consentimiento por escrito en cualquier momento.<\/p>\n\n\n\n<p>Para ello lo podr\u00e1n hacer mediante comunicaci\u00f3n escrita dirigida a:<\/p>\n\n\n\n<p>Instituto Sagrada Familia<br>Palem\u00f3n Carranza 549<br>Cosqu\u00edn, C.P. 5166<br>Tel\u00e9fono: +54 3548 451532<\/p>\n","protected":false},"excerpt":{"rendered":"<p>Toda comunicaci\u00f3n con el Instituto Sagrada Familia por cualquier medio o a trav\u00e9s de su direcci\u00f3n de correo electr\u00f3nico, o de los formularios presentes en este sitio o a su \u00abe-mail\u00bb, supone el consentimiento expreso para que sus datos personales sean incorporados a ficheros titularidad del Instituto Sagrada Familia, cuya direcci\u00f3n es Palem\u00f3n Carranza 549,&hellip;<\/p>\n","protected":false},"author":1,"featured_media":0,"parent":0,"menu_order":0,"comment_status":"closed","ping_status":"closed","template":"","meta":{"cybocfi_hide_featured_image":"","footnotes":""},"class_list":["post-338","page","type-page","status-publish","hentry"],"jetpack_sharing_enabled":true,"_links":{"self":[{"href":"https:\/\/isf.edu.ar\/colegio2020\/wp-json\/wp\/v2\/pages\/338","targetHints":{"allow":["GET"]}}],"collection":[{"href":"https:\/\/isf.edu.ar\/colegio2020\/wp-json\/wp\/v2\/pages"}],"about":[{"href":"https:\/\/isf.edu.ar\/colegio2020\/wp-json\/wp\/v2\/types\/page"}],"author":[{"embeddable":true,"href":"https:\/\/isf.edu.ar\/colegio2020\/wp-json\/wp\/v2\/users\/1"}],"replies":[{"embeddable":true,"href":"https:\/\/isf.edu.ar\/colegio2020\/wp-json\/wp\/v2\/comments?post=338"}],"version-history":[{"count":2,"href":"https:\/\/isf.edu.ar\/colegio2020\/wp-json\/wp\/v2\/pages\/338\/revisions"}],"predecessor-version":[{"id":344,"href":"https:\/\/isf.edu.ar\/colegio2020\/wp-json\/wp\/v2\/pages\/338\/revisions\/344"}],"wp:attachment":[{"href":"https:\/\/isf.edu.ar\/colegio2020\/wp-json\/wp\/v2\/media?parent=338"}],"curies":[{"name":"wp","href":"https:\/\/api.w.org\/{rel}","templated":true}]}}

Política de privacidad

<p>Toda comunicación con el Instituto Sagrada Familia por cualquier medio o a través de su dirección de correo electrónico, o de los formularios presentes en este sitio o a su «e-mail», supone el consentimiento expreso para que sus datos personales sean incorporados a ficheros titularidad del Instituto Sagrada Familia, cuya dirección es Palemón Carranza 549, Cosquin.</p>



<p>Estos datos de carácter personal serán tratados conforme a lo dispuesto en la Ley Nº 25.326, de Protección de Datos de Carácter Personales y Normas Reglamentarias y Complementarias, revisados al 9 de enero de 2008.</p>



<p>Por tanto, el interesado podrá ejercer derecho de acceso, rectificación, cancelación y oposición con respecto a los datos personales que consten en los expresados ficheros, pudiendo revocar su consentimiento por escrito en cualquier momento.</p>



<p>Para ello lo podrán hacer mediante comunicación escrita dirigida a:</p>



<p>Instituto Sagrada Familia<br>Palemón Carranza 549<br>Cosquín, C.P. 5166<br>Teléfono: +54 3548 451532</p>

<p>Toda comunicación con el Instituto Sagrada Familia por cualquier medio o a través de su dirección de correo electrónico, o de los formularios presentes en este sitio o a su «e-mail», supone el consentimiento expreso para que sus datos personales sean incorporados a ficheros titularidad del Instituto Sagrada Familia, cuya dirección es Palemón Carranza 549,&hellip;</p>
