{"id":311,"date":"2019-06-24T22:02:58","date_gmt":"2019-06-24T20:02:58","guid":{"rendered":"https:\/\/isf.edu.ar\/colegio2020\/?page_id=311"},"modified":"2026-03-24T12:47:17","modified_gmt":"2026-03-24T15:47:17","slug":"nivel-inicial-y-primario","status":"publish","type":"page","link":"https:\/\/isf.edu.ar\/colegio2020\/nivel-inicial-y-primario\/","title":{"rendered":"Nivel Inicial y Primario"},"content":{"rendered":"\n<div id=\"section-g-7lwv4e1\" class=\"wp-block-gutentor-e1 section-g-7lwv4e1 gutentor-element gutentor-element-advanced-text text-align-center-desktop\"><div class=\"gutentor-text-wrap\"><h2 class=\"gutentor-text\">INFORMACI\u00d3N DE LOS NIVELES <\/h2><\/div><\/div>\n\n\n\n<section id=\"section-g-7ai7c7d\" class=\"wp-block-gutentor-icon-box gutentor-section gutentor-icon-wrapper icon-template2\"><div class=\"grid-container\"><div class=\"gutentor-block-header\"><div class=\"gutentor-section-title enable-title-design seperator-top text-center wow animated slideInUp\" data-wow-animation=\"slideInUp\" data-wow-iteration=\"1\"><h2 class=\"gutentor-title\">NIVEL INICIAL<\/h2><\/div><\/div><div class=\"grid-row gutentor-grid-item-wrap\"><div class=\"gutentor-grid-column grid-lg-4 grid-md-4 grid-12\"><div class=\"gutentor-single-item gutentor-icon gutentor-single-item-0\"><div class=\"gutentor-single-item-wrap\"><div class=\"gutentor-single-item-icon-box\"><i class=\"fas fa-hand-holding-heart\"><\/i><\/div><div class=\"gutentor-single-item-content\"><h3 class=\"gutentor-single-item-title\">Presentaci\u00f3n <\/h3><p class=\"gutentor-single-item-desc\">El Nivel Inicial del Instituto Sagrada Familia acompa\u00f1a a los ni\u00f1os en sus primeros pasos dentro del mundo escolar, brindando un espacio de aprendizaje, contenci\u00f3n y crecimiento. En un ambiente c\u00e1lido y respetuoso, se promueve el desarrollo integral de cada ni\u00f1o a trav\u00e9s del juego, la exploraci\u00f3n, la creatividad y la convivencia con otros.<br><\/p><\/div><\/div><\/div><\/div><div class=\"gutentor-grid-column grid-lg-4 grid-md-4 grid-12\"><div class=\"gutentor-single-item gutentor-icon gutentor-single-item-1\"><div class=\"gutentor-single-item-wrap\"><div class=\"gutentor-single-item-icon-box\"><i class=\"fas fa-graduation-cap\"><\/i><\/div><div class=\"gutentor-single-item-content\"><h3 class=\"gutentor-single-item-title\">Propuesta Educativa<\/h3><p class=\"gutentor-single-item-desc\">En el Nivel Inicial se promueve un aprendizaje basado en experiencias significativas, donde el juego ocupa un lugar central como herramienta para descubrir, experimentar y aprender.<br><br>El nivel est\u00e1 organizado en:<br><strong>Sala de 4 <\/strong>y<strong> 5 a\u00f1os<\/strong><br>Cada sala cuenta con propuestas pedag\u00f3gicas acordes a la edad y al proceso de desarrollo de los ni\u00f1os.<\/p><\/div><\/div><\/div><\/div><div class=\"gutentor-grid-column grid-lg-4 grid-md-4 grid-12\"><div class=\"gutentor-single-item gutentor-icon gutentor-single-item-2\"><div class=\"gutentor-single-item-wrap\"><div class=\"gutentor-single-item-icon-box\"><i class=\"fas fa-address-card\"><\/i><\/div><div class=\"gutentor-single-item-content\"><h3 class=\"gutentor-single-item-title\">Equipo Docente<\/h3><p class=\"gutentor-single-item-desc\">El Nivel Inicial cuenta con un equipo docente comprometido con la educaci\u00f3n y el acompa\u00f1amiento de los ni\u00f1os en esta etapa tan importante de su crecimiento.<br><br>Director: Dar\u00edo Vidal (Suplente)<br>Vicedirectora: Clarisa Nora Borelli (Suplente)<\/p><\/div><\/div><\/div><\/div><div class=\"gutentor-grid-column grid-lg-4 grid-md-4 grid-12\"><div class=\"gutentor-single-item gutentor-icon gutentor-single-item-3\"><div class=\"gutentor-single-item-wrap\"><div class=\"gutentor-single-item-icon-box\"><i class=\"fas fa-chalkboard-teacher\"><\/i><\/div><div class=\"gutentor-single-item-content\"><h3 class=\"gutentor-single-item-title\">Proyectos<\/h3><p class=\"gutentor-single-item-desc\">Descripci\u00f3n corta<\/p><\/div><\/div><\/div><\/div><div class=\"gutentor-grid-column grid-lg-4 grid-md-4 grid-12\"><div class=\"gutentor-single-item gutentor-icon gutentor-single-item-4\"><div class=\"gutentor-single-item-wrap\"><div class=\"gutentor-single-item-icon-box\"><i class=\"fas fa-people-carry\"><\/i><\/div><div class=\"gutentor-single-item-content\"><h3 class=\"gutentor-single-item-title\">Actividades<\/h3><p class=\"gutentor-single-item-desc\">Descripci\u00f3n corta<\/p><\/div><\/div><\/div><\/div><div class=\"gutentor-grid-column grid-lg-4 grid-md-4 grid-12\"><div class=\"gutentor-single-item gutentor-icon gutentor-single-item-5\"><div class=\"gutentor-single-item-wrap\"><div class=\"gutentor-single-item-icon-box\"><i class=\"fas fa-bullhorn\"><\/i><\/div><div class=\"gutentor-single-item-content\"><h3 class=\"gutentor-single-item-title\">Informaci\u00f3n para las familias<\/h3><p class=\"gutentor-single-item-desc\">Horarios <br>Uniforme<\/p><\/div><\/div><\/div><\/div><div class=\"gutentor-grid-column grid-lg-4 grid-md-4 grid-12\"><div class=\"gutentor-single-item gutentor-icon gutentor-single-item-6\"><div class=\"gutentor-single-item-wrap\"><div class=\"gutentor-single-item-icon-box\"><i class=\"fas fa-home\"><\/i><\/div><div class=\"gutentor-single-item-content\"><h3 class=\"gutentor-single-item-title\">Contacto<\/h3><p class=\"gutentor-single-item-desc\">Correo electr\u00f3nico:<br><a href=\"https:\/\/isf.edu.ar\/colegio2020\/info@isf.edu.ar\" class=\"tac-player-processed\">nivelinicial@isf.edu.ar<\/a><br><br>Tel: +54 (03541) 451532 \/ 450838<br><br>Horarios de atenci\u00f3n: <br>Lunes a Viernes de 13:00 a 18:00 h.<br><br>Direcci\u00f3n: <a href=\"https:\/\/goo.gl\/maps\/EvnuatwsYrC7apmPA\" class=\"tac-player-processed\">Palem\u00f3n Carranza 549, Cosqu\u00edn, C\u00f3rdoba<\/a><\/p><\/div><\/div><\/div><\/div><div class=\"gutentor-grid-column grid-lg-4 grid-md-4 grid-12\"><div class=\"gutentor-single-item gutentor-icon gutentor-single-item-7\"><div class=\"gutentor-single-item-wrap\"><div class=\"gutentor-single-item-icon-box\"><i class=\"fas fa-project-diagram\"><\/i><\/div><div class=\"gutentor-single-item-content\"><h3 class=\"gutentor-single-item-title\">Redes Sociales<\/h3><p class=\"gutentor-single-item-desc\"><a href=\"https:\/\/www.facebook.com\/sagrada.familia.5891\" target=\"_blank\" rel=\"noreferrer noopener\">Facebook<\/a><br><a href=\"https:\/\/www.instagram.com\/janerianos_cosquin\/\" target=\"_blank\" rel=\"noreferrer noopener\">Instagram<\/a><br><\/p><\/div><\/div><\/div><\/div><\/div><\/div><\/section>\n\n\n\n<ul class=\"wp-block-social-links is-layout-flex wp-block-social-links-is-layout-flex\"><\/ul>\n\n\n\n<section id=\"section-g-z5bi61d\" class=\"wp-block-gutentor-icon-box gutentor-section gutentor-icon-wrapper icon-template2\"><div class=\"grid-container\"><div class=\"gutentor-block-header\"><div class=\"gutentor-section-title enable-title-design seperator-bottom text-center\"><h2 class=\"gutentor-title\">NIVEL PRIMARIO<\/h2><\/div><\/div><div class=\"grid-row gutentor-grid-item-wrap\"><div class=\"gutentor-grid-column grid-lg-4 grid-md-4 grid-12\"><div class=\"gutentor-single-item gutentor-icon gutentor-single-item-0\"><div class=\"gutentor-single-item-wrap\"><div class=\"gutentor-single-item-icon-box\"><i class=\"fas fa-hand-holding-heart\"><\/i><\/div><div class=\"gutentor-single-item-content\"><h3 class=\"gutentor-single-item-title\">Presentaci\u00f3n<\/h3><p class=\"gutentor-single-item-desc\">Descripci\u00f3n corta<\/p><\/div><\/div><\/div><\/div><div class=\"gutentor-grid-column grid-lg-4 grid-md-4 grid-12\"><div class=\"gutentor-single-item gutentor-icon gutentor-single-item-1\"><div class=\"gutentor-single-item-wrap\"><div class=\"gutentor-single-item-icon-box\"><i class=\"fas fa-graduation-cap\"><\/i><\/div><div class=\"gutentor-single-item-content\"><h3 class=\"gutentor-single-item-title\">Propuesta Educativa<\/h3><p class=\"gutentor-single-item-desc\">Descripci\u00f3n corta<\/p><\/div><\/div><\/div><\/div><div class=\"gutentor-grid-column grid-lg-4 grid-md-4 grid-12\"><div class=\"gutentor-single-item gutentor-icon gutentor-single-item-2\"><div class=\"gutentor-single-item-wrap\"><div class=\"gutentor-single-item-icon-box\"><i class=\"fas fa-address-card\"><\/i><\/div><div class=\"gutentor-single-item-content\"><h3 class=\"gutentor-single-item-title\">Equipo Docente<\/h3><p class=\"gutentor-single-item-desc\">Director: Dar\u00edo Vidal (Suplente)<br>Vicedirectora: Clarisa Nora Borelli (Suplente)<\/p><\/div><\/div><\/div><\/div><div class=\"gutentor-grid-column grid-lg-4 grid-md-4 grid-12\"><div class=\"gutentor-single-item gutentor-icon gutentor-single-item-3\"><div class=\"gutentor-single-item-wrap\"><div class=\"gutentor-single-item-icon-box\"><i class=\"fas fa-chalkboard-teacher\"><\/i><\/div><div class=\"gutentor-single-item-content\"><h3 class=\"gutentor-single-item-title\">Proyectos<\/h3><p class=\"gutentor-single-item-desc\">Descripci\u00f3n corta<\/p><\/div><\/div><\/div><\/div><div class=\"gutentor-grid-column grid-lg-4 grid-md-4 grid-12\"><div class=\"gutentor-single-item gutentor-icon gutentor-single-item-4\"><div class=\"gutentor-single-item-wrap\"><div class=\"gutentor-single-item-icon-box\"><i class=\"fas fa-people-carry\"><\/i><\/div><div class=\"gutentor-single-item-content\"><h3 class=\"gutentor-single-item-title\">Actividades<\/h3><p class=\"gutentor-single-item-desc\">Descripci\u00f3n corta<\/p><\/div><\/div><\/div><\/div><div class=\"gutentor-grid-column grid-lg-4 grid-md-4 grid-12\"><div class=\"gutentor-single-item gutentor-icon gutentor-single-item-5\"><div class=\"gutentor-single-item-wrap\"><div class=\"gutentor-single-item-icon-box\"><i class=\"fas fa-bullhorn\"><\/i><\/div><div class=\"gutentor-single-item-content\"><h3 class=\"gutentor-single-item-title\">Informaci\u00f3n para las familias<\/h3><p class=\"gutentor-single-item-desc\">Uniforme<br>Horarios<\/p><\/div><\/div><\/div><\/div><div class=\"gutentor-grid-column grid-lg-4 grid-md-4 grid-12\"><div class=\"gutentor-single-item gutentor-icon gutentor-single-item-6\"><div class=\"gutentor-single-item-wrap\"><div class=\"gutentor-single-item-icon-box\"><i class=\"fas fa-home\"><\/i><\/div><div class=\"gutentor-single-item-content\"><h3 class=\"gutentor-single-item-title\">Contacto<\/h3><p class=\"gutentor-single-item-desc\">Correo electr\u00f3nico:<br><a href=\"https:\/\/isf.edu.ar\/colegio2020\/info@isf.edu.ar\" class=\"tac-player-processed\">nivelprimario@isf.edu.ar<\/a><br><br>Tel: +54 (03541) 451532 \/ 450838<br><br>Horarios de atenci\u00f3n: <br>Lunes a Viernes de 13:00 a 18:00 h.<br><br>Direcci\u00f3n: <a href=\"https:\/\/goo.gl\/maps\/EvnuatwsYrC7apmPA\" class=\"tac-player-processed\">Palem\u00f3n Carranza 549, Cosqu\u00edn, C\u00f3rdoba<\/a><\/p><\/div><\/div><\/div><\/div><div class=\"gutentor-grid-column grid-lg-4 grid-md-4 grid-12\"><div class=\"gutentor-single-item gutentor-icon gutentor-single-item-7\"><div class=\"gutentor-single-item-wrap\"><div class=\"gutentor-single-item-icon-box\"><i class=\"fas fa-project-diagram\"><\/i><\/div><div class=\"gutentor-single-item-content\"><h3 class=\"gutentor-single-item-title\">Redes Sociales<\/h3><p class=\"gutentor-single-item-desc\"><a href=\"https:\/\/www.facebook.com\/sagrada.familia.5891\" target=\"_blank\" rel=\"noreferrer noopener\">Facebook<\/a><br><a href=\"https:\/\/www.instagram.com\/janerianos_cosquin\/\" target=\"_blank\" rel=\"noreferrer noopener\">Instagram<\/a><\/p><\/div><\/div><\/div><\/div><\/div><\/div><\/section>\n\n\n\n<p><\/p>\n","protected":false},"excerpt":{"rendered":"","protected":false},"author":1,"featured_media":2543,"parent":0,"menu_order":0,"comment_status":"closed","ping_status":"closed","template":"","meta":{"cybocfi_hide_featured_image":"yes","footnotes":""},"class_list":["post-311","page","type-page","status-publish","has-post-thumbnail","hentry"],"jetpack_sharing_enabled":true,"_links":{"self":[{"href":"https:\/\/isf.edu.ar\/colegio2020\/wp-json\/wp\/v2\/pages\/311","targetHints":{"allow":["GET"]}}],"collection":[{"href":"https:\/\/isf.edu.ar\/colegio2020\/wp-json\/wp\/v2\/pages"}],"about":[{"href":"https:\/\/isf.edu.ar\/colegio2020\/wp-json\/wp\/v2\/types\/page"}],"author":[{"embeddable":true,"href":"https:\/\/isf.edu.ar\/colegio2020\/wp-json\/wp\/v2\/users\/1"}],"replies":[{"embeddable":true,"href":"https:\/\/isf.edu.ar\/colegio2020\/wp-json\/wp\/v2\/comments?post=311"}],"version-history":[{"count":47,"href":"https:\/\/isf.edu.ar\/colegio2020\/wp-json\/wp\/v2\/pages\/311\/revisions"}],"predecessor-version":[{"id":2640,"href":"https:\/\/isf.edu.ar\/colegio2020\/wp-json\/wp\/v2\/pages\/311\/revisions\/2640"}],"wp:featuredmedia":[{"embeddable":true,"href":"https:\/\/isf.edu.ar\/colegio2020\/wp-json\/wp\/v2\/media\/2543"}],"wp:attachment":[{"href":"https:\/\/isf.edu.ar\/colegio2020\/wp-json\/wp\/v2\/media?parent=311"}],"curies":[{"name":"wp","href":"https:\/\/api.w.org\/{rel}","templated":true}]}}