{"id":2299,"date":"2025-03-15T00:00:28","date_gmt":"2025-03-14T23:00:28","guid":{"rendered":"https:\/\/isf.edu.ar\/colegio2020\/?page_id=2299"},"modified":"2025-03-19T00:14:06","modified_gmt":"2025-03-18T23:14:06","slug":"profesorado-de-educacion-inicial","status":"publish","type":"page","link":"https:\/\/isf.edu.ar\/colegio2020\/profesorado-de-educacion-inicial\/","title":{"rendered":"PROFESORADO DE EDUCACI\u00d3N INICIAL"},"content":{"rendered":"\n<p><\/p>\n\n\n\n\n\n<section id=\"section-32ee8c8a-bc0a-4570-8822-12feb0659cd6\" class=\"wp-block-gutentor-accordion gutentor-section gutentor-accordion-wrapper accordion-template1 has-color-bg has-custom-bg\"><div class=\"grid-container\"><div class=\"gutentor-block-header\"><div class=\"gutentor-section-title enable-title-design seperator-bottom text-center\"><h2 class=\"gutentor-title\">PROFESORADO DE EDUCACI\u00d3N INICIAL<\/h2><\/div><\/div><div class=\"grid-row gutentor-grid-item-wrap\"><div class=\"grid-md-12\"><div class=\"gutentor-accordion-wrap\"><div class=\"gutentor-single-item gutentor-single-item-0\"><div class=\"gutentor-single-item-wrap\"><div class=\"gutentor-accordion-heading\"><i class=\"gutentor-accordion-icon open-icon fas fa-plus\"><\/i><i class=\"gutentor-accordion-icon close-icon fas fa-minus\"><\/i><h3 class=\"gutentor-single-item-title\"> \u00bfQu\u00e9 hace un Profesor de Educaci\u00f3n Inicial? <\/h3><\/div><div class=\"gutentor-accordion-body\"><p class=\"gutentor-single-item-desc\">El profesor de Educaci\u00f3n Inicial, es un profesional capacitado para comprender la conducta del ni\u00f1o y realizar acciones pedag\u00f3gicamente fundadas para optimizar su desarrollo, estimular la creatividad, fomentar el esp\u00edritu de iniciativa, ense\u00f1ar contenidos y comprender las posibilidades de aprendizaje de los ni\u00f1os peque\u00f1os, perfeccionar y crear estrategias de intervenci\u00f3n did\u00e1cticas efectivas.<\/p><\/div><\/div><\/div><\/div><div class=\"gutentor-accordion-wrap\"><div class=\"gutentor-single-item gutentor-single-item-1\"><div class=\"gutentor-single-item-wrap\"><div class=\"gutentor-accordion-heading\"><i class=\"gutentor-accordion-icon open-icon fas fa-plus\"><\/i><i class=\"gutentor-accordion-icon close-icon fas fa-minus\"><\/i><h3 class=\"gutentor-single-item-title\"> Desempe\u00f1o profesional <\/h3><\/div><div class=\"gutentor-accordion-body\"><p class=\"gutentor-single-item-desc\">El egresado en Nivel Inicial puede desempe\u00f1arse tanto en Jardines Maternales como en Jardines de Infantes, yaque desde nuestra instituci\u00f3n, reciben una formaci\u00f3n integral que los habilita para su desempe\u00f1o en cualquiera de estas \u00e1reas. El Jard\u00edn Maternal, comprende a ni\u00f1os desde los 45 d\u00edas de su nacimiento, hasta los 2 a\u00f1os de edad. Mientras que el Jard\u00edn de Infantes, se ocupa de la educaci\u00f3n de los ni\u00f1os de 3, 4 y 5 a\u00f1os, siendo esta \u00faltima, la edad obligatoria para que el ni\u00f1o asista a este nivel de educaci\u00f3n.<\/p><\/div><\/div><\/div><\/div><div class=\"gutentor-accordion-wrap\"><div class=\"gutentor-single-item gutentor-single-item-2\"><div class=\"gutentor-single-item-wrap\"><div class=\"gutentor-accordion-heading\"><i class=\"gutentor-accordion-icon open-icon fas fa-plus\"><\/i><i class=\"gutentor-accordion-icon close-icon fas fa-minus\"><\/i><h3 class=\"gutentor-single-item-title\"> Plan de estudio <\/h3><\/div><div class=\"gutentor-accordion-body\"><p class=\"gutentor-single-item-desc\"><a href=\"https:\/\/isf.edu.ar\/colegio2020\/wp-content\/uploads\/2021\/11\/Estructura-Curricular-Educacion-Inicial.pdf\" target=\"_blank\" rel=\"noreferrer noopener\">Ver archivo completo<\/a><\/p><\/div><\/div><\/div><\/div><div class=\"gutentor-accordion-wrap\"><div class=\"gutentor-single-item gutentor-single-item-3\"><div class=\"gutentor-single-item-wrap\"><div class=\"gutentor-accordion-heading\"><i class=\"gutentor-accordion-icon open-icon fas fa-plus\"><\/i><i class=\"gutentor-accordion-icon close-icon fas fa-minus\"><\/i><h3 class=\"gutentor-single-item-title\">Duraci\u00f3n<\/h3><\/div><div class=\"gutentor-accordion-body\"><p class=\"gutentor-single-item-desc\">4 a\u00f1os, incluye la residencia.<\/p><\/div><\/div><\/div><\/div><div class=\"gutentor-accordion-wrap\"><div class=\"gutentor-single-item gutentor-single-item-4\"><div class=\"gutentor-single-item-wrap\"><div class=\"gutentor-accordion-heading\"><i class=\"gutentor-accordion-icon open-icon fas fa-plus\"><\/i><i class=\"gutentor-accordion-icon close-icon fas fa-minus\"><\/i><h3 class=\"gutentor-single-item-title\">Modalidad<\/h3><\/div><div class=\"gutentor-accordion-body\"><p class=\"gutentor-single-item-desc\"> Cursado combinado (presencial y virtual)<\/p><\/div><\/div><\/div><\/div><div class=\"gutentor-accordion-wrap\"><div class=\"gutentor-single-item gutentor-single-item-5\"><div class=\"gutentor-single-item-wrap\"><div class=\"gutentor-accordion-heading\"><i class=\"gutentor-accordion-icon open-icon fas fa-plus\"><\/i><i class=\"gutentor-accordion-icon close-icon fas fa-minus\"><\/i><h3 class=\"gutentor-single-item-title\">Validez del t\u00edtulo<\/h3><\/div><div class=\"gutentor-accordion-body\"><p class=\"gutentor-single-item-desc\">Otorga validez nacional seg\u00fan Resoluci\u00f3n Ministerial N\u00ba 628\/08 y 679\/14<\/p><\/div><\/div><\/div><\/div><div class=\"gutentor-accordion-wrap\"><div class=\"gutentor-single-item gutentor-single-item-6\"><div class=\"gutentor-single-item-wrap\"><div class=\"gutentor-accordion-heading\"><i class=\"gutentor-accordion-icon open-icon fas fa-plus\"><\/i><i class=\"gutentor-accordion-icon close-icon fas fa-minus\"><\/i><h3 class=\"gutentor-single-item-title\">Arancel<\/h3><\/div><div class=\"gutentor-accordion-body\"><p class=\"gutentor-single-item-desc\">Consultar en secretar\u00eda<\/p><\/div><\/div><\/div><\/div><div class=\"gutentor-accordion-wrap\"><div class=\"gutentor-single-item gutentor-single-item-7\"><div class=\"gutentor-single-item-wrap\"><div class=\"gutentor-accordion-heading\"><i class=\"gutentor-accordion-icon open-icon fas fa-plus\"><\/i><i class=\"gutentor-accordion-icon close-icon fas fa-minus\"><\/i><h3 class=\"gutentor-single-item-title\">Docentes<\/h3><\/div><div class=\"gutentor-accordion-body\"><p class=\"gutentor-single-item-desc\"><a href=\"https:\/\/isf.edu.ar\/colegio2020\/wp-content\/uploads\/2025\/03\/Profesores-Ed.-Inicial.pdf\" target=\"_blank\" rel=\"noreferrer noopener\">Profesores de los espacios curriculares de educaci\u00f3n inicial<\/a><\/p><\/div><\/div><\/div><\/div><\/div><\/div><\/div><\/section>\n\n\n","protected":false},"excerpt":{"rendered":"","protected":false},"author":1,"featured_media":0,"parent":0,"menu_order":0,"comment_status":"closed","ping_status":"closed","template":"","meta":{"cybocfi_hide_featured_image":"","footnotes":""},"class_list":["post-2299","page","type-page","status-publish","hentry"],"jetpack_sharing_enabled":true,"_links":{"self":[{"href":"https:\/\/isf.edu.ar\/colegio2020\/wp-json\/wp\/v2\/pages\/2299","targetHints":{"allow":["GET"]}}],"collection":[{"href":"https:\/\/isf.edu.ar\/colegio2020\/wp-json\/wp\/v2\/pages"}],"about":[{"href":"https:\/\/isf.edu.ar\/colegio2020\/wp-json\/wp\/v2\/types\/page"}],"author":[{"embeddable":true,"href":"https:\/\/isf.edu.ar\/colegio2020\/wp-json\/wp\/v2\/users\/1"}],"replies":[{"embeddable":true,"href":"https:\/\/isf.edu.ar\/colegio2020\/wp-json\/wp\/v2\/comments?post=2299"}],"version-history":[{"count":10,"href":"https:\/\/isf.edu.ar\/colegio2020\/wp-json\/wp\/v2\/pages\/2299\/revisions"}],"predecessor-version":[{"id":2383,"href":"https:\/\/isf.edu.ar\/colegio2020\/wp-json\/wp\/v2\/pages\/2299\/revisions\/2383"}],"wp:attachment":[{"href":"https:\/\/isf.edu.ar\/colegio2020\/wp-json\/wp\/v2\/media?parent=2299"}],"curies":[{"name":"wp","href":"https:\/\/api.w.org\/{rel}","templated":true}]}}