{"id":222,"date":"2019-06-21T22:23:10","date_gmt":"2019-06-21T20:23:10","guid":{"rendered":"https:\/\/isf.edu.ar\/colegio2020\/?page_id=222"},"modified":"2025-03-15T02:51:31","modified_gmt":"2025-03-15T01:51:31","slug":"historia","status":"publish","type":"page","link":"https:\/\/isf.edu.ar\/colegio2020\/historia\/","title":{"rendered":"Historia"},"content":{"rendered":"\n<p class=\"has-medium-font-size\"><\/p>\n\n\n\n<section id=\"section-9c416a8a-0e74-4e8c-b224-8def26775243\" class=\"wp-block-gutentor-about-block gutentor-section gutentor-about about-template4\"><div class=\"grid-container\"><div class=\"gutentor-grid-item-wrap\"><div class=\"gutentor-single-item\"><div class=\"grid-row\"><div class=\"grid-md-6 about-grid\"><div class=\"gutentor-single-item-content\"><div class=\"gutentor-about-content\"><h2 class=\"gutentor-single-item-title\">Nuestros comienzos&#8230; <\/h2><p class=\"gutentor-single-item-desc\">Desde el comienzo la educaci\u00f3n fue motivo de preocupaci\u00f3n y seria dedicaci\u00f3n para Madre Ana Mar\u00eda Janer y las primeras hermanas.\u00a0 Los principios que animaron la vida de la Madre Ana Mar\u00eda se manifiestan en expresiones tan sencillas como convincentes y derivan en las distintas fundaciones como fue la pedida a comienzos del a\u00f1o 1910 por el Se\u00f1or Cura P\u00e1rroco de la ciudad de Cosqu\u00edn, Padre Juan Moyano, el cual se comunic\u00f3 con la familia Carreras que resid\u00eda en esta ciudad y eran parientes directos de una religiosa de la Sagrada Familia residente en Espa\u00f1a. La obra se concret\u00f3 reci\u00e9n el 1 de julio de 1911.<br>Seis religiosas viajaron desde Barcelona para esta fundaci\u00f3n y fueron recibidas por el Dr. Escalera y Sra. Que pertenec\u00edan a la Junta de Damas fundadoras, y por la familia Carreras y la Sra. Dominica de Garibay.<br>El colegio comenz\u00f3 a funcionar con Jard\u00edn de Infantes, algunos grados incorporados al Consejo Nacional de Educaci\u00f3n, alumnas internas, medio internas y externas de pago y gratuitas. Adem\u00e1s se dictaron cursos complementarios, profesionales y art\u00edsticos los cuales funcionaron, el de Labores hasta el a\u00f1o 1954 y el de M\u00fasica hasta el a\u00f1o 1964.<br>En el a\u00f1o 1946 se inaugur\u00f3 el Nivel Secundario que otorgaba los t\u00edtulos de Bachiller y Maestra Normal Nacional, funcionando el Magisterio hasta el a\u00f1o 1969.<br>El Nivel Secundario sigui\u00f3 funcionando a partir de 1969 otorgando el t\u00edtulo de Bachiller y respondiendo a una necesidad socio-econ\u00f3mica y cultural de la zona se abre en el a\u00f1o 1971 la carrera de Nivel Terciario de Profesor de Ense\u00f1anza Primaria y en 1972 la de Profesor de Jard\u00edn de Infantes; ambas carreras s\u00f3lo alcanzan a dar egreso a una promoci\u00f3n cada una porque al no recibirse subvenci\u00f3n estatal resultaba muy oneroso solventar los sueldos de los docentes que en su mayor\u00eda deb\u00edan trasladarse desde C\u00f3rdoba Capital.<br>El internado funcion\u00f3 hasta 1968 en que fue cerrado por falta de personal.\u00a0 Hasta 1970 la instituci\u00f3n funcion\u00f3 en la casa donde se realiz\u00f3 la fundaci\u00f3n, sita en la actual calle Pte. Per\u00f3n 540, que en ese entonces figuraba con la nominaci\u00f3n de Buenos Aires 321.<br>En 1971 se inaugur\u00f3 el nuevo edificio donde actualmente funciona en la calle Palem\u00f3n Carranza 549.<br>En el a\u00f1o 1992, dando respuesta\u00a0 a las necesidades de la zona, donde no exist\u00edan propuestas suficientes para realizar estudios de nivel superior, y como un signo de compromiso pastoral en la celebraci\u00f3n de los 500 a\u00f1os de la Evangelizaci\u00f3n de Am\u00e9rica, se abre el Nivel Superior para la formaci\u00f3n de maestros de nivel inicial y primario.<br>Nuestra comunidad educativa, desde sus inicios, tiene como fin brindar a los ni\u00f1os y j\u00f3venes una educaci\u00f3n integral que haga posible la madurez humana y el desarrollo de los valores que informan la concepci\u00f3n cristiana del hombre y de la vida, de tal modo que el alumno sea agente de su propio desarrollo y llegue a ser libre, responsable y solidario en la construcci\u00f3n de la sociedad.<br>Desde nuestra misi\u00f3n educativa todos los que formamos parte de esta comunidad queremos asumir esta tarea desde el compromiso. Compromiso con nuestra comunidad de Cosqu\u00edn. Compromiso con los m\u00e1s necesitados, a ejemplo de la Madre Janer. Compromiso que nos impulsa a no desentendernos ni despreocuparnos de la realidad que nos rodea sino a trabajar y luchar en ella para contribuir, desde nuestra tarea educativa, en la construcci\u00f3n de un Cosqu\u00edn m\u00e1s solidario, m\u00e1s humano, y m\u00e1s justo para todos.<\/p><\/div><\/div><\/div><div class=\"grid-md-6 about-grid\"><div class=\"gutentor-single-item-image-box\"><div class=\"gutentor-image-thumb\"><img loading=\"lazy\" decoding=\"async\" class=\"normal-image\" src=\"https:\/\/isf.edu.ar\/colegio2020\/wp-content\/uploads\/2016\/12\/AMJ8.jpg\" alt=\"AMJ8\" height=\"707\" width=\"897\"\/><\/div><\/div><\/div><\/div><\/div><\/div><\/div><\/section>\n","protected":false},"excerpt":{"rendered":"","protected":false},"author":1,"featured_media":0,"parent":0,"menu_order":0,"comment_status":"closed","ping_status":"closed","template":"","meta":{"cybocfi_hide_featured_image":"","footnotes":""},"class_list":["post-222","page","type-page","status-publish","hentry"],"jetpack_sharing_enabled":true,"_links":{"self":[{"href":"https:\/\/isf.edu.ar\/colegio2020\/wp-json\/wp\/v2\/pages\/222","targetHints":{"allow":["GET"]}}],"collection":[{"href":"https:\/\/isf.edu.ar\/colegio2020\/wp-json\/wp\/v2\/pages"}],"about":[{"href":"https:\/\/isf.edu.ar\/colegio2020\/wp-json\/wp\/v2\/types\/page"}],"author":[{"embeddable":true,"href":"https:\/\/isf.edu.ar\/colegio2020\/wp-json\/wp\/v2\/users\/1"}],"replies":[{"embeddable":true,"href":"https:\/\/isf.edu.ar\/colegio2020\/wp-json\/wp\/v2\/comments?post=222"}],"version-history":[{"count":12,"href":"https:\/\/isf.edu.ar\/colegio2020\/wp-json\/wp\/v2\/pages\/222\/revisions"}],"predecessor-version":[{"id":2380,"href":"https:\/\/isf.edu.ar\/colegio2020\/wp-json\/wp\/v2\/pages\/222\/revisions\/2380"}],"wp:attachment":[{"href":"https:\/\/isf.edu.ar\/colegio2020\/wp-json\/wp\/v2\/media?parent=222"}],"curies":[{"name":"wp","href":"https:\/\/api.w.org\/{rel}","templated":true}]}}

<p class="has-medium-font-size"></p>



<section id="section-9c416a8a-0e74-4e8c-b224-8def26775243" class="wp-block-gutentor-about-block gutentor-section gutentor-about about-template4"><div class="grid-container"><div class="gutentor-grid-item-wrap"><div class="gutentor-single-item"><div class="grid-row"><div class="grid-md-6 about-grid"><div class="gutentor-single-item-content"><div class="gutentor-about-content"><h2 class="gutentor-single-item-title">Nuestros comienzos&#8230; </h2><p class="gutentor-single-item-desc">Desde el comienzo la educación fue motivo de preocupación y seria dedicación para Madre Ana María Janer y las primeras hermanas.  Los principios que animaron la vida de la Madre Ana María se manifiestan en expresiones tan sencillas como convincentes y derivan en las distintas fundaciones como fue la pedida a comienzos del año 1910 por el Señor Cura Párroco de la ciudad de Cosquín, Padre Juan Moyano, el cual se comunicó con la familia Carreras que residía en esta ciudad y eran parientes directos de una religiosa de la Sagrada Familia residente en España. La obra se concretó recién el 1 de julio de 1911.<br>Seis religiosas viajaron desde Barcelona para esta fundación y fueron recibidas por el Dr. Escalera y Sra. Que pertenecían a la Junta de Damas fundadoras, y por la familia Carreras y la Sra. Dominica de Garibay.<br>El colegio comenzó a funcionar con Jardín de Infantes, algunos grados incorporados al Consejo Nacional de Educación, alumnas internas, medio internas y externas de pago y gratuitas. Además se dictaron cursos complementarios, profesionales y artísticos los cuales funcionaron, el de Labores hasta el año 1954 y el de Música hasta el año 1964.<br>En el año 1946 se inauguró el Nivel Secundario que otorgaba los títulos de Bachiller y Maestra Normal Nacional, funcionando el Magisterio hasta el año 1969.<br>El Nivel Secundario siguió funcionando a partir de 1969 otorgando el título de Bachiller y respondiendo a una necesidad socio-económica y cultural de la zona se abre en el año 1971 la carrera de Nivel Terciario de Profesor de Enseñanza Primaria y en 1972 la de Profesor de Jardín de Infantes; ambas carreras sólo alcanzan a dar egreso a una promoción cada una porque al no recibirse subvención estatal resultaba muy oneroso solventar los sueldos de los docentes que en su mayoría debían trasladarse desde Córdoba Capital.<br>El internado funcionó hasta 1968 en que fue cerrado por falta de personal.  Hasta 1970 la institución funcionó en la casa donde se realizó la fundación, sita en la actual calle Pte. Perón 540, que en ese entonces figuraba con la nominación de Buenos Aires 321.<br>En 1971 se inauguró el nuevo edificio donde actualmente funciona en la calle Palemón Carranza 549.<br>En el año 1992, dando respuesta  a las necesidades de la zona, donde no existían propuestas suficientes para realizar estudios de nivel superior, y como un signo de compromiso pastoral en la celebración de los 500 años de la Evangelización de América, se abre el Nivel Superior para la formación de maestros de nivel inicial y primario.<br>Nuestra comunidad educativa, desde sus inicios, tiene como fin brindar a los niños y jóvenes una educación integral que haga posible la madurez humana y el desarrollo de los valores que informan la concepción cristiana del hombre y de la vida, de tal modo que el alumno sea agente de su propio desarrollo y llegue a ser libre, responsable y solidario en la construcción de la sociedad.<br>Desde nuestra misión educativa todos los que formamos parte de esta comunidad queremos asumir esta tarea desde el compromiso. Compromiso con nuestra comunidad de Cosquín. Compromiso con los más necesitados, a ejemplo de la Madre Janer. Compromiso que nos impulsa a no desentendernos ni despreocuparnos de la realidad que nos rodea sino a trabajar y luchar en ella para contribuir, desde nuestra tarea educativa, en la construcción de un Cosquín más solidario, más humano, y más justo para todos.</p></div></div></div><div class="grid-md-6 about-grid"><div class="gutentor-single-item-image-box"><div class="gutentor-image-thumb"><img loading="lazy" decoding="async" class="normal-image" src="https://isf.edu.ar/colegio2020/wp-content/uploads/2016/12/AMJ8.jpg" alt="AMJ8" height="707" width="897"/></div></div></div></div></div></div></div></section>
